{"id":211,"date":"2020-09-06T12:27:42","date_gmt":"2020-09-06T10:27:42","guid":{"rendered":"https:\/\/reglisss.freeboxos.fr\/wordpress\/?page_id=211"},"modified":"2020-09-06T12:27:42","modified_gmt":"2020-09-06T10:27:42","slug":"squid","status":"publish","type":"page","link":"https:\/\/reglisss.freeboxos.fr\/wordpress\/squid\/","title":{"rendered":"Squid"},"content":{"rendered":"\n<h2 class=\"wp-block-heading\">Installer le proxy<\/h2>\n\n\n\n<p>Pour installer Squid tapez dans un terminal :<\/p>\n\n\n\n<pre class=\"wp-block-preformatted\">sudo aptitude install squid<\/pre>\n\n\n\n<h2 class=\"wp-block-heading\">2. Configurer le proxy<\/h2>\n\n\n\n<p>La configuration de Squid se fait en \u00e9ditant le fichier \/etc\/squid\/squid.conf<br>Pour \u00e9diter ce fichier, tapez Alt+F2 et :<\/p>\n\n\n\n<pre class=\"wp-block-preformatted\">gksu gedit \/etc\/squid\/squid.conf<\/pre>\n\n\n\n<h3 class=\"wp-block-heading\">2.1 Nommer le proxy<\/h3>\n\n\n\n<p>Squid a besoin de conna\u00eetre le nom de la machine. Pour cela, rep\u00e9rez la ligne visible_hostname.&nbsp;Par exemple, si la machine s&rsquo;appelle &lsquo;ubuntu&rsquo;, mettez:<\/p>\n\n\n\n<pre class=\"wp-block-preformatted\">visible_hostname ubuntu<\/pre>\n\n\n\n<h3 class=\"wp-block-heading\">2.2 Choisir le port<\/h3>\n\n\n\n<p>Par d\u00e9faut, le serveur proxy sera en \u00e9coute sur le port 3128. Pour choisir un autre port, rep\u00e9rez la ligne:<\/p>\n\n\n\n<pre class=\"wp-block-preformatted\">http_port 3128<\/pre>\n\n\n\n<p>et changez le num\u00e9ro de port, par exemple:<\/p>\n\n\n\n<pre class=\"wp-block-preformatted\">http_port 3177<\/pre>\n\n\n\n<h3 class=\"wp-block-heading\">2.3 Choisir l&rsquo;interface<\/h3>\n\n\n\n<p>Par d\u00e9faut le serveur proxy sera en \u00e9coute sur toutes les interfaces. Pour des raisons de s\u00e9curit\u00e9, il ne faut le mettre en \u00e9coute que sur votre r\u00e9seau local.&nbsp;Par exemple si la carte r\u00e9seau reli\u00e9e \u00e0 votre LAN a l&rsquo;IP 10.0.0.1, modifiez la ligne:<\/p>\n\n\n\n<pre class=\"wp-block-preformatted\">http_port 10.0.0.1:3177<\/pre>\n\n\n\n<h3 class=\"wp-block-heading\">2.4 D\u00e9finir les droits d&rsquo;acc\u00e8s<\/h3>\n\n\n\n<p>Par d\u00e9faut, personne n&rsquo;est autoris\u00e9 \u00e0 se connecter au serveur proxy, sauf votre machine elle-m\u00eame.&nbsp;Il faut cr\u00e9er une liste d&rsquo;autorisations.<br>Par exemple, on va d\u00e9finir un groupe englobant tout le r\u00e9seau local.<\/p>\n\n\n\n<p>Rep\u00e9rez la ligne du fichier commen\u00e7ant par acl localhost&#8230;<br>A la fin de la section, ajoutez:<\/p>\n\n\n\n<pre class=\"wp-block-preformatted\">acl lanhome src 10.0.0.0\/255.255.255.0<\/pre>\n\n\n\n<p>(lanhome est un nom arbitraire que nous avons choisi).<br><img decoding=\"async\" src=\"https:\/\/img-19.ccm2.net\/fOtiSWTN8RccOHuQR9Zxrocv1ng=\/414x\/f6f54ed453634e1d97d1f3a68b86c2de\/ccm-faq\/ip7gBnuyDCEYVCxy-s-.png\" alt=\"\" width=\"414\"><\/p>\n\n\n\n<h3 class=\"wp-block-heading\">2.5 Autoriser le groupe<\/h3>\n\n\n\n<p>Maintenant que le groupe est d\u00e9fini, nous allons l&rsquo;authoriser \u00e0 utiliser le proxy.&nbsp;Rep\u00e9rez la ligne http_access allow&#8230;<br>et ajoutez en dessous (avant la ligne http_access deny all)<\/p>\n\n\n\n<pre class=\"wp-block-preformatted\">http_access allow lanhome<\/pre>\n\n\n\n<p><img decoding=\"async\" src=\"https:\/\/img-19.ccm2.net\/bp_ZEL6tio8oIy75140rvMgdqKM=\/455x\/550669329a144c698e9e536a812f2c09\/ccm-faq\/4OJn8n5PXNoTParH-s-.png\" alt=\"\" width=\"455\"><\/p>\n\n\n\n<h3 class=\"wp-block-heading\">2.6 Autoriser les ports non standards<\/h3>\n\n\n\n<p>Par d\u00e9faut, Squid n&rsquo;autorise le traffic HTTP que sur certains ports (80, etc.)&nbsp;Cela peut poser probl\u00e8me pour certains sites utilisant d&rsquo;autres ports.<br>Exemple:&nbsp;<a href=\"http:\/\/toto.com\/\" rel=\"noreferrer noopener\" target=\"_blank\">http:\/\/toto.com<\/a>81\/images\/titi.png serait bloqu\u00e9 par Squid.<\/p>\n\n\n\n<p>Pour \u00e9viter ce blocage, trouvez la ligne:<br>http_access deny !Safe_ports<\/p>\n\n\n\n<p>et commentez-la:<br>#http_access deny !Safe_ports<\/p>\n\n\n\n<h2 class=\"wp-block-heading\">3. D\u00e9marrer le proxy<\/h2>\n\n\n\n<p>(re)d\u00e9marrez le proxy pour qu&rsquo;il prenne en compte la configuration que nous venons de modifier.&nbsp;Tapez:<\/p>\n\n\n\n<pre class=\"wp-block-preformatted\">sudo \/etc\/init.d\/squid restart<\/pre>\n\n\n\n<p>A partir de l\u00e0, le proxy devrait fonctionner. Il suffit de configurer les diff\u00e9rents logiciels pour qu&rsquo;ils l&rsquo;utilisent.<\/p>\n\n\n\n<h2 class=\"wp-block-heading\">Informations<\/h2>\n\n\n\n<h3 class=\"wp-block-heading\">Logs du serveur<\/h3>\n\n\n\n<p>Les logs du proxy sont situ\u00e9s dans \/var\/log\/squid\/access.log<\/p>\n\n\n\n<h3 class=\"wp-block-heading\">Changer la taile du cache<\/h3>\n\n\n\n<p>Par d\u00e9faut, le cache de Squid est activ\u00e9, ce qui permet d&rsquo;acc\u00e9l\u00e9rer le chargement de certaines pages.&nbsp;La taille par d\u00e9faut est de 100 Mo (situ\u00e9 dans \/var\/spool\/squid).<\/p>\n\n\n\n<p>Pour changer sa taille, modifiez le fichier \/etc\/squid\/squid.conf<br>Trouvez la ligne:<br># cache_dir ufs \/var\/spool\/squid 100 16 256<\/p>\n\n\n\n<p>Et d\u00e9commentez-la. Vous pouvez changer la valeur 100 par ce que vous voulez (par exemple 200 pour 200 Mo):<br>cache_dir ufs \/var\/spool\/squid 200 16 256<\/p>\n\n\n\n<h3 class=\"wp-block-heading\">Fonctions et modules suppl\u00e9mentaires<\/h3>\n\n\n\n<p>Squid poss\u00e8de plein d&rsquo;options et modules :<\/p>\n\n\n\n<ul class=\"wp-block-list\"><li>pr\u00e9fetch (pour pr\u00e9charger les pages et ainsi acc\u00e9l\u00e9rer la navigation)<\/li><li>filtres antivirus, antipopups, etc.<\/li><li>contr\u00f4le d&rsquo;acc\u00e8s au proxy par login et mot de passe.<\/li><li>contr\u00f4le d&rsquo;acc\u00e8s en fonction des heures.<\/li><li>etc.<\/li><\/ul>\n\n\n\n<p>Pour cela, ouvre Synaptic, et cliquez sur le bouton \u00ab\u00a0Rechercher\u00a0\u00bb et entrez \u00ab\u00a0squid\u00a0\u00bb pour trouver les modules en relations avec Squid.<br>Consultez la documentation de chaque module et la documentation de Squid pour plus d&rsquo;informations.<\/p>\n\n\n\n<ul class=\"wp-block-list\"><li><a href=\"https:\/\/paid.outbrain.com\/network\/redir?p=7IUpJoiTvJBJHxUbfydXwqLuywlWcZeM_WjZEIt8DsvhJ3OA6Gml3WHtzvuQJ0MuTTLCm44zNKdyjrH2IvDUhp22E3MRWGazVkbwm60VqZVLCub7wUSfl57BxvLbOkMoN_EPmuD9FBUruwqgYBqq18vWrHyschoD7VAmvOmgkrV45TbTvTJKexSdeub61TOxFb8CS5EswlNAp4quScLMdhPsPxskwKM1jysx2szSaN5KkIr0TxV6OdAwnz9_AUufyOo6EwGhIZg_6Kt7GVF1tsQ-Y5rSXAiju-epB2hlmk9JgZ9hP1cDeHVPpZDrjjVSyT1AAipvvYxRXYnfJUw3chnTBUVQBnIIsH1UabfzZW1cNym65Hkjzrynj_VSFMOuUMouzb7GlZBrv_XaSBaxPBfJf_Y46R61V9n9uS4OxkMLHLKvLXAqB4Ytu6L7Pspkz1vatksusb7ktSz5YA0DUQCWiOkB-HihqYW8lQHJvw2ceSEG2z-Bdp-xXyucvQZ0Cr-0ltIZEbJ_zGmi44fDlgi3rnN-JyxnXUGvyUHOV4jOdM_dyyShgmSClGzEgSZ81dB9-2kWz7OrNZlwnfm5ecZAhzZrQr8WbASbd1RxFyFKx_xsBTdlt-xE8l0nW5Isv-ejRhkn92J6u4Fo7vS1m_5PwOBgFZn05GY2wv-snu_gsSrozoQc6QsclQAa852nQPcC4niCRJ_nlQ-9UPcEtbotgBYCrfZ-2dzjt4ugZgT1vySAEp34X004gVG9l71BiF2bXSVEh8g0zBibdqpBOjKA1tEtwiEB5MhbJ6OjEW2vy33Y_tw1RYxtnCMdIn1Yw3omN4L6QuMW7UCWEPReruvLZzu1HHQOoSzFRx_Dwzgx8UMftL0N4qYon5zIWBvmQmlWJPQ3jJqBdYYd4IBjhD565EKew4dQYEXqLvyUkY5t1c6QRHc1MWnhvLpCjZx2xwy0zPBuNPcpzaALINyT0zkVgO0O9EPRTAdt69slVPkHjLSjHqenYl84SBrcqeIxmnpWMtLGGlJKJDx5g6GU6XtHqaZWOxTafsi3lMDOzTdLtIEb-Fs4vl0HIecWxukh1jAkYAEJGuW2zDs81eSIIbFbpQ90ayex4Bnq5aR_TOKdkPlhiCid17bN0HHJaID2ceEPmoE28tt9DaosZ-G7zJJ8a8dKmva-RWtDIbTeTkWJt7ECqOnoRmy5ftEvvMBFoTCgJc1_CYoJD2dqz6-DS_P-_1vZud5IPC06bgE5DAsdBwKBudeJacsMSrkEJ8aqmMWYTYAcqGgvQy1cvGN7EWVJngp6Oiy_qpMUrMjR8ty64IRp92VXU58lQOeQsKMQXgeooW2EQxhvYD2QTGdToJ0cB5AQv9HiD8vhwlLAbbwk_cGY6F7RcnZgVqyi8NizE-3G6Xcnmx3lp3LVeQj3BI5a38U6KclyDhRiLVqnYardWGOWcZveQ1JMVwctuE8VXYaDqZqCi3cDUNg5QSs8BNk0vxZbav6aOnkfsT60fAnMyqscCkfN3UcDxMeeSHEE-nGOXfXrOAZbN3-aaGaEOQplVxz2ChHdWdPVNOYrF6Jna_6u21aBh7i5WI_5U-tfCFRTtMvDrKCckd-MWvZ5b_NOlNBeG-LL9py-yROaP7Yp-ARAFEJLzmMS9-ol7X2Z10SWwVwTABwLqH_rJUOuEud0TkLS1ps7g3fcRfJE3gL2-hJq5-w9N02Tg8QBD9vbSh_WmxfT7tuec8zunq7GnA&amp;c=a539aadf&amp;v=3\"><\/a><\/li><\/ul>\n\n\n\n<p>Pour installer Squid tapez dans un terminal :<\/p>\n\n\n\n<pre class=\"wp-block-preformatted\">sudo aptitude install squid<\/pre>\n\n\n\n<h2 class=\"wp-block-heading\">2. Configurer le proxy<\/h2>\n\n\n\n<p>La configuration de Squid se fait en \u00e9ditant le fichier \/etc\/squid\/squid.conf<br>Pour \u00e9diter ce fichier, tapez Alt+F2 et :<\/p>\n\n\n\n<pre class=\"wp-block-preformatted\">gksu gedit \/etc\/squid\/squid.conf<\/pre>\n\n\n\n<h3 class=\"wp-block-heading\">2.1 Nommer le proxy<\/h3>\n\n\n\n<p>Squid a besoin de conna\u00eetre le nom de la machine. Pour cela, rep\u00e9rez la ligne visible_hostname.&nbsp;Par exemple, si la machine s&rsquo;appelle &lsquo;ubuntu&rsquo;, mettez:<\/p>\n\n\n\n<pre class=\"wp-block-preformatted\">visible_hostname ubuntu<\/pre>\n\n\n\n<h3 class=\"wp-block-heading\">2.2 Choisir le port<\/h3>\n\n\n\n<p>Par d\u00e9faut, le serveur proxy sera en \u00e9coute sur le port 3128. Pour choisir un autre port, rep\u00e9rez la ligne:<\/p>\n\n\n\n<pre class=\"wp-block-preformatted\">http_port 3128<\/pre>\n\n\n\n<p>et changez le num\u00e9ro de port, par exemple:<\/p>\n\n\n\n<pre class=\"wp-block-preformatted\">http_port 3177<\/pre>\n\n\n\n<h3 class=\"wp-block-heading\">2.3 Choisir l&rsquo;interface<\/h3>\n\n\n\n<p>Par d\u00e9faut le serveur proxy sera en \u00e9coute sur toutes les interfaces. Pour des raisons de s\u00e9curit\u00e9, il ne faut le mettre en \u00e9coute que sur votre r\u00e9seau local.&nbsp;Par exemple si la carte r\u00e9seau reli\u00e9e \u00e0 votre LAN a l&rsquo;IP 10.0.0.1, modifiez la ligne:<\/p>\n\n\n\n<pre class=\"wp-block-preformatted\">http_port 10.0.0.1:3177<\/pre>\n\n\n\n<h3 class=\"wp-block-heading\">2.4 D\u00e9finir les droits d&rsquo;acc\u00e8s<\/h3>\n\n\n\n<p>Par d\u00e9faut, personne n&rsquo;est autoris\u00e9 \u00e0 se connecter au serveur proxy, sauf votre machine elle-m\u00eame.&nbsp;Il faut cr\u00e9er une liste d&rsquo;autorisations.<br>Par exemple, on va d\u00e9finir un groupe englobant tout le r\u00e9seau local.<\/p>\n\n\n\n<p>Rep\u00e9rez la ligne du fichier commen\u00e7ant par acl localhost&#8230;<br>A la fin de la section, ajoutez:<\/p>\n\n\n\n<pre class=\"wp-block-preformatted\">acl lanhome src 10.0.0.0\/255.255.255.0<\/pre>\n\n\n\n<p>(lanhome est un nom arbitraire que nous avons choisi).<br><img decoding=\"async\" src=\"https:\/\/img-19.ccm2.net\/fOtiSWTN8RccOHuQR9Zxrocv1ng=\/414x\/f6f54ed453634e1d97d1f3a68b86c2de\/ccm-faq\/ip7gBnuyDCEYVCxy-s-.png\" alt=\"\" width=\"414\"><\/p>\n\n\n\n<h3 class=\"wp-block-heading\">2.5 Autoriser le groupe<\/h3>\n\n\n\n<p>Maintenant que le groupe est d\u00e9fini, nous allons l&rsquo;authoriser \u00e0 utiliser le proxy.&nbsp;Rep\u00e9rez la ligne http_access allow&#8230;<br>et ajoutez en dessous (avant la ligne http_access deny all)<\/p>\n\n\n\n<pre class=\"wp-block-preformatted\">http_access allow lanhome<\/pre>\n\n\n\n<p><img decoding=\"async\" src=\"https:\/\/img-19.ccm2.net\/bp_ZEL6tio8oIy75140rvMgdqKM=\/455x\/550669329a144c698e9e536a812f2c09\/ccm-faq\/4OJn8n5PXNoTParH-s-.png\" alt=\"\" width=\"455\"><\/p>\n\n\n\n<h3 class=\"wp-block-heading\">2.6 Autoriser les ports non standards<\/h3>\n\n\n\n<p>Par d\u00e9faut, Squid n&rsquo;autorise le traffic HTTP que sur certains ports (80, etc.)&nbsp;Cela peut poser probl\u00e8me pour certains sites utilisant d&rsquo;autres ports.<br>Exemple:&nbsp;<a href=\"http:\/\/toto.com\/\" rel=\"noreferrer noopener\" target=\"_blank\">http:\/\/toto.com<\/a>81\/images\/titi.png serait bloqu\u00e9 par Squid.<\/p>\n\n\n\n<p>Pour \u00e9viter ce blocage, trouvez la ligne:<br>http_access deny !Safe_ports<\/p>\n\n\n\n<p>et commentez-la:<br>#http_access deny !Safe_ports<\/p>\n\n\n\n<h2 class=\"wp-block-heading\">3. D\u00e9marrer le proxy<\/h2>\n\n\n\n<p>(re)d\u00e9marrez le proxy pour qu&rsquo;il prenne en compte la configuration que nous venons de modifier.&nbsp;Tapez:<\/p>\n\n\n\n<pre class=\"wp-block-preformatted\">sudo \/etc\/init.d\/squid restart<\/pre>\n\n\n\n<p>A partir de l\u00e0, le proxy devrait fonctionner. Il suffit de configurer les diff\u00e9rents logiciels pour qu&rsquo;ils l&rsquo;utilisent.<\/p>\n\n\n\n<h2 class=\"wp-block-heading\">Informations<\/h2>\n\n\n\n<h3 class=\"wp-block-heading\">Logs du serveur<\/h3>\n\n\n\n<p>Les logs du proxy sont situ\u00e9s dans \/var\/log\/squid\/access.log<\/p>\n\n\n\n<h3 class=\"wp-block-heading\">Changer la taile du cache<\/h3>\n\n\n\n<p>Par d\u00e9faut, le cache de Squid est activ\u00e9, ce qui permet d&rsquo;acc\u00e9l\u00e9rer le chargement de certaines pages.&nbsp;La taille par d\u00e9faut est de 100 Mo (situ\u00e9 dans \/var\/spool\/squid).<\/p>\n\n\n\n<p>Pour changer sa taille, modifiez le fichier \/etc\/squid\/squid.conf<br>Trouvez la ligne:<br># cache_dir ufs \/var\/spool\/squid 100 16 256<\/p>\n\n\n\n<p>Et d\u00e9commentez-la. Vous pouvez changer la valeur 100 par ce que vous voulez (par exemple 200 pour 200 Mo):<br>cache_dir ufs \/var\/spool\/squid 200 16 256<\/p>\n\n\n\n<h3 class=\"wp-block-heading\">Fonctions et modules suppl\u00e9mentaires<\/h3>\n\n\n\n<p>Squid poss\u00e8de plein d&rsquo;options et modules :<\/p>\n\n\n\n<ul class=\"wp-block-list\"><li>pr\u00e9fetch (pour pr\u00e9charger les pages et ainsi acc\u00e9l\u00e9rer la navigation)<\/li><li>filtres antivirus, antipopups, etc.<\/li><li>contr\u00f4le d&rsquo;acc\u00e8s au proxy par login et mot de passe.<\/li><li>contr\u00f4le d&rsquo;acc\u00e8s en fonction des heures.<\/li><li>etc.<\/li><\/ul>\n\n\n\n<p>Pour cela, ouvre Synaptic, et cliquez sur le bouton \u00ab\u00a0Rechercher\u00a0\u00bb et entrez \u00ab\u00a0squid\u00a0\u00bb pour trouver les modules en relations avec Squid.<br>Consultez la documentation de chaque module et la documentation de Squid pour plus d&rsquo;informations.<\/p>\n\n\n\n<h2 class=\"wp-block-heading\"><\/h2>\n\n\n\n<ul class=\"wp-block-list\"><li><a href=\"https:\/\/paid.outbrain.com\/network\/redir?p=7IUpJoiTvJBJHxUbfydXwqLuywlWcZeM_WjZEIt8DsvhJ3OA6Gml3WHtzvuQJ0MuTTLCm44zNKdyjrH2IvDUhp22E3MRWGazVkbwm60VqZVLCub7wUSfl57BxvLbOkMoN_EPmuD9FBUruwqgYBqq18vWrHyschoD7VAmvOmgkrV45TbTvTJKexSdeub61TOxFb8CS5EswlNAp4quScLMdhPsPxskwKM1jysx2szSaN5KkIr0TxV6OdAwnz9_AUufyOo6EwGhIZg_6Kt7GVF1tsQ-Y5rSXAiju-epB2hlmk9JgZ9hP1cDeHVPpZDrjjVSyT1AAipvvYxRXYnfJUw3chnTBUVQBnIIsH1UabfzZW1cNym65Hkjzrynj_VSFMOuUMouzb7GlZBrv_XaSBaxPBfJf_Y46R61V9n9uS4OxkMLHLKvLXAqB4Ytu6L7Pspkz1vatksusb7ktSz5YA0DUQCWiOkB-HihqYW8lQHJvw2ceSEG2z-Bdp-xXyucvQZ0Cr-0ltIZEbJ_zGmi44fDlgi3rnN-JyxnXUGvyUHOV4jOdM_dyyShgmSClGzEgSZ81dB9-2kWz7OrNZlwnfm5ecZAhzZrQr8WbASbd1RxFyFKx_xsBTdlt-xE8l0nW5Isv-ejRhkn92J6u4Fo7vS1m_5PwOBgFZn05GY2wv-snu_gsSrozoQc6QsclQAa852nQPcC4niCRJ_nlQ-9UPcEtbotgBYCrfZ-2dzjt4ugZgT1vySAEp34X004gVG9l71BiF2bXSVEh8g0zBibdqpBOjKA1tEtwiEB5MhbJ6OjEW2vy33Y_tw1RYxtnCMdIn1Yw3omN4L6QuMW7UCWEPReruvLZzu1HHQOoSzFRx_Dwzgx8UMftL0N4qYon5zIWBvmQmlWJPQ3jJqBdYYd4IBjhD565EKew4dQYEXqLvyUkY5t1c6QRHc1MWnhvLpCjZx2xwy0zPBuNPcpzaALINyT0zkVgO0O9EPRTAdt69slVPkHjLSjHqenYl84SBrcqeIxmnpWMtLGGlJKJDx5g6GU6XtHqaZWOxTafsi3lMDOzTdLtIEb-Fs4vl0HIecWxukh1jAkYAEJGuW2zDs81eSIIbFbpQ90ayex4Bnq5aR_TOKdkPlhiCid17bN0HHJaID2ceEPmoE28tt9DaosZ-G7zJJ8a8dKmva-RWtDIbTeTkWJt7ECqOnoRmy5ftEvvMBFoTCgJc1_CYoJD2dqz6-DS_P-_1vZud5IPC06bgE5DAsdBwKBudeJacsMSrkEJ8aqmMWYTYAcqGgvQy1cvGN7EWVJngp6Oiy_qpMUrMjR8ty64IRp92VXU58lQOeQsKMQXgeooW2EQxhvYD2QTGdToJ0cB5AQv9HiD8vhwlLAbbwk_cGY6F7RcnZgVqyi8NizE-3G6Xcnmx3lp3LVeQj3BI5a38U6KclyDhRiLVqnYardWGOWcZveQ1JMVwctuE8VXYaDqZqCi3cDUNg5QSs8BNk0vxZbav6aOnkfsT60fAnMyqscCkfN3UcDxMeeSHEE-nGOXfXrOAZbN3-aaGaEOQplVxz2ChHdWdPVNOYrF6Jna_6u21aBh7i5WI_5U-tfCFRTtMvDrKCckd-MWvZ5b_NOlNBeG-LL9py-yROaP7Yp-ARAFEJLzmMS9-ol7X2Z10SWwVwTABwLqH_rJUOuEud0TkLS1ps7g3fcRfJE3gL2-hJq5-w9N02Tg8QBD9vbSh_WmxfT7tuec8zunq7GnA&amp;c=a539aadf&amp;v=3\"><\/a><\/li><\/ul>\n\n\n\n<p><\/p>\n","protected":false},"excerpt":{"rendered":"<p>Installer le proxy Pour installer Squid tapez dans un terminal : sudo aptitude install squid 2. Configurer le proxy La configuration de Squid se fait en \u00e9ditant le fichier \/etc\/squid\/squid.confPour \u00e9diter ce fichier, tapez Alt+F2 et : gksu gedit \/etc\/squid\/squid.conf 2.1 Nommer le proxy Squid a besoin de conna\u00eetre le nom de la machine. Pour [&hellip;]<\/p>\n","protected":false},"author":1,"featured_media":0,"parent":0,"menu_order":0,"comment_status":"closed","ping_status":"closed","template":"","meta":{"footnotes":""},"class_list":["post-211","page","type-page","status-publish","hentry"],"_links":{"self":[{"href":"https:\/\/reglisss.freeboxos.fr\/wordpress\/wp-json\/wp\/v2\/pages\/211","targetHints":{"allow":["GET"]}}],"collection":[{"href":"https:\/\/reglisss.freeboxos.fr\/wordpress\/wp-json\/wp\/v2\/pages"}],"about":[{"href":"https:\/\/reglisss.freeboxos.fr\/wordpress\/wp-json\/wp\/v2\/types\/page"}],"author":[{"embeddable":true,"href":"https:\/\/reglisss.freeboxos.fr\/wordpress\/wp-json\/wp\/v2\/users\/1"}],"replies":[{"embeddable":true,"href":"https:\/\/reglisss.freeboxos.fr\/wordpress\/wp-json\/wp\/v2\/comments?post=211"}],"version-history":[{"count":1,"href":"https:\/\/reglisss.freeboxos.fr\/wordpress\/wp-json\/wp\/v2\/pages\/211\/revisions"}],"predecessor-version":[{"id":213,"href":"https:\/\/reglisss.freeboxos.fr\/wordpress\/wp-json\/wp\/v2\/pages\/211\/revisions\/213"}],"wp:attachment":[{"href":"https:\/\/reglisss.freeboxos.fr\/wordpress\/wp-json\/wp\/v2\/media?parent=211"}],"curies":[{"name":"wp","href":"https:\/\/api.w.org\/{rel}","templated":true}]}}