{"id":510,"date":"2021-05-19T12:28:19","date_gmt":"2021-05-19T10:28:19","guid":{"rendered":"https:\/\/reglisss.freeboxos.fr\/wordpress\/?page_id=510"},"modified":"2021-05-19T15:44:46","modified_gmt":"2021-05-19T13:44:46","slug":"dns-securises-qui-securise-vos-donnees","status":"publish","type":"page","link":"https:\/\/reglisss.freeboxos.fr\/wordpress\/dns-securises-qui-securise-vos-donnees\/","title":{"rendered":"DNS s\u00e9curis\u00e9s qui securise vos donn\u00e9es"},"content":{"rendered":"\n<p>Les DNS sont les annuaires d\u2019Internet. C\u2019est gr\u00e2ce \u00e0 eux qu\u2019il est possible d\u2019acc\u00e9der aux sites web et aux ressources sur Internet via les noms de domaine tels que www.google.fr : les DNS traduisent en effet automatiquement les noms de domaine en adresses IPv4 ou IPv6 qui sont ensuite interpr\u00e9t\u00e9es par les ordinateurs. Chaque fois que vous faites quelque chose sur Internet, vous interrogez de mani\u00e8re invisible les DNS.<\/p>\n\n\n\n<p>Par d\u00e9faut, vous utilisez les serveurs DNS de votre fournisseur d\u2019acc\u00e8s \u00e0 Internet.<\/p>\n\n\n\n<p>En utilisant des serveurs DNS plus performants, vous pouvez augmenter sensiblement la rapidit\u00e9 de votre connexion Internet : vous r\u00e9duirez de quelques millisecondes le temps n\u00e9cessaire pour acc\u00e9der aux sites web, vous gagnez ainsi en confort et en productivit\u00e9 !<\/p>\n\n\n\n<p>De plus, certains DNS proposent des fonctionnalit\u00e9s suppl\u00e9mentaires comme le filtrage de sites web sensibles ou encore une protection contre les sites web malveillants.<\/p>\n\n\n\n<p>Envie de conna\u00eetre les meilleurs serveurs DNS \u00e0 installer d\u00e8s maintenant sur votre ordinateur ou votre box\/routeur ?<\/p>\n\n\n\n<h2 class=\"wp-block-heading\">Liste des meilleurs serveurs DNS en 2021<\/h2>\n\n\n\n<h3 class=\"wp-block-heading\">Serveurs DNS rapides<\/h3>\n\n\n\n<p>En se basant sur les r\u00e9sultats des tests de rapidit\u00e9 effectu\u00e9s par&nbsp;<a rel=\"noreferrer noopener\" href=\"https:\/\/www.dnsperf.com\/#!dns-resolvers\" target=\"_blank\">DNSPerf<\/a>, voici la liste serveurs DNS les plus rapides en 2021 :<\/p>\n\n\n\n<figure class=\"wp-block-table\"><table><thead><tr><th>DNS les plus rapides en 2021<\/th><\/tr><tr><th>#<\/th><th>DNS<\/th><th>Adresses IPv4<\/th><th>Adresses IPv6<\/th><\/tr><\/thead><tbody><tr><td>1<\/td><td><a rel=\"noreferrer noopener\" href=\"https:\/\/1.1.1.1\/\" target=\"_blank\"><strong>Cloudflare 1.1.1.1<\/strong><\/a><\/td><td>1.1.1.1<br>1.0.0.1<\/td><td>2606:4700:4700::1111<br>2606:4700:4700::1001<\/td><\/tr><tr><td>2<\/td><td><a rel=\"noreferrer noopener\" href=\"https:\/\/www.opendns.com\/\" target=\"_blank\">Cisco OpenDNS Home<\/a><\/td><td>208.67.222.222<br>208.67.220.220<\/td><td>2620:119:35::35<br>2620:119:53::53<\/td><\/tr><tr><td>3<\/td><td><a rel=\"noreferrer noopener\" href=\"https:\/\/www.publicdns.neustar\/\" target=\"_blank\">Neustar UltraDNS Public<\/a><\/td><td>64.6.64.6<br>64.6.65.6<\/td><td>2620:74:1b::1:1<br>2620:74:1c::2:2<\/td><\/tr><tr><td>4<\/td><td><a rel=\"noreferrer noopener\" href=\"https:\/\/nextdns.io\/fr\" target=\"_blank\">NextDNS<\/a><\/td><td>45.90.28.0<br>45.90.30.0<\/td><td>2a07:a8c0::<br>2a07:a8c1::<\/td><\/tr><tr><td>5<\/td><td><a rel=\"noreferrer noopener\" href=\"https:\/\/developers.google.com\/speed\/public-dns\" target=\"_blank\">Google Public DNS<\/a><\/td><td>8.8.8.8<br>8.8.4.4<\/td><td>2001:4860:4860::8888<br>2001:4860:4860::8844<\/td><\/tr><tr><td>6<\/td><td><a rel=\"noreferrer noopener\" href=\"https:\/\/www.quad9.net\/\" target=\"_blank\"><strong>Quad9<\/strong><\/a><\/td><td>9.9.9.9<br>149.112.112.112<\/td><td>2620:fe::fe<br>2620:fe::9<\/td><\/tr><tr><td>7<\/td><td><a rel=\"noreferrer noopener\" href=\"https:\/\/www.comodo.com\/secure-dns\/\" target=\"_blank\">Comodo Secure DNS<\/a><\/td><td>8.26.56.26<br>8.20.247.20<\/td><td>\u2013<\/td><\/tr><tr><td>8<\/td><td><a rel=\"noreferrer noopener\" href=\"https:\/\/dns.yandex.com\/\" target=\"_blank\">Yandex.DNS<\/a><\/td><td>77.88.8.8<br>77.88.8.1<\/td><td>2a02:6b8::feed:0ff<br>2a02:6b8:0:1::feed:0ff<\/td><\/tr><tr><td>9<\/td><td><a rel=\"noreferrer noopener\" href=\"https:\/\/www.safedns.com\/fr\/\" target=\"_blank\">SafeDNS<\/a><\/td><td>195.46.39.39<br>195.46.39.40<\/td><td>2001:67c:2778::3939<br>2001:67c:2778::3940<\/td><\/tr><\/tbody><\/table><\/figure>\n\n\n\n<p>Dans les colonnes \u00ab&nbsp;Adresses IPv4&nbsp;\u00bb et \u00ab&nbsp;Adresses IPv6&nbsp;\u00bb, vous trouverez sur la premi\u00e8re ligne le serveur DNS primaire et sur la seconde, le serveur DNS secondaire.<\/p>\n\n\n\n<p>Le DNS de&nbsp;<strong>Cloudflare<\/strong>&nbsp;(1.1.1.1) est celui \u00e0 privil\u00e9gier : il est rapide, s\u00e9curis\u00e9 et respectueux de la vie priv\u00e9e.<\/p>\n\n\n\n<p><strong>Quad9<\/strong>&nbsp;est \u00e9galement un excellent choix, il est respectueux de la vie priv\u00e9e et offre en plus une protection contre les menaces (exploits, logiciels malveillants, ran\u00e7ongiciels, logiciels espions et autres sites potentiellement dangereux).<\/p>\n\n\n\n<h3 class=\"wp-block-heading\">Serveurs DNS s\u00e9curis\u00e9s<\/h3>\n\n\n\n<p>Si vous recherchez des serveurs DNS qui fournissent une protection contre les sites web sensibles ou malveillants, voici ceux que vous pouvez configurer sur votre ordinateur ou votre box\/routeur :<\/p>\n\n\n\n<figure class=\"wp-block-table\"><table><thead><tr><th>DNS les plus s\u00e9curis\u00e9s en 2021<\/th><\/tr><tr><th>DNS<\/th><th>Adresses IPv4<\/th><th>Adresses IPv6<\/th><\/tr><\/thead><tbody><tr><td><a rel=\"noreferrer noopener\" href=\"https:\/\/cleanbrowsing.org\/filters\" target=\"_blank\"><strong>CleanBrowsing<\/strong>&nbsp;Security Filter<\/a><br><small>\u2013 Bloque les sites malveillants<\/small><\/td><td>185.228.168.9<br>185.228.169.9<\/td><td>2a0d:2a00:1::2<br>2a0d:2a00:2::2<\/td><\/tr><tr><td><a rel=\"noreferrer noopener\" href=\"https:\/\/cleanbrowsing.org\/filters\" target=\"_blank\"><strong>CleanBrowsing<\/strong>&nbsp;Adult Filter<\/a><br><small>\u2013 Bloque les sites malveillants<br>\u2013 Bloque le contenu pour adultes<\/small><\/td><td>185.228.168.10<br>185.228.169.11<\/td><td>2a0d:2a00:1::1<br>2a0d:2a00:2::1<\/td><\/tr><tr><td><a rel=\"noreferrer noopener\" href=\"https:\/\/cleanbrowsing.org\/filters\" target=\"_blank\"><strong>CleanBrowsing<\/strong>&nbsp;Family Filter<\/a><br><small>\u2013 Bloque les sites malveillants<br>\u2013 Bloque les sites pour adultes<br>\u2013 Bloque les proxy et les VPN<br>\u2013 Bloque les sites \u00e0 contenu mixte (comme Reddit)<br>\u2013 Google, Bing et Youtube sont configur\u00e9s avec le filtre adulte activ\u00e9<\/small><\/td><td>185.228.168.168<br>185.228.169.168<\/td><td>2a0d:2a00:1::<br>2a0d:2a00:2::<\/td><\/tr><tr><td><a rel=\"noreferrer noopener\" href=\"https:\/\/dns.yandex.com\/\" target=\"_blank\">Yandex Safe<\/a><br><small>\u2013 Bloque les sites frauduleux<\/small><\/td><td>77.88.8.88<br>77.88.8.2<\/td><td>\u2013<\/td><\/tr><tr><td><a rel=\"noreferrer noopener\" href=\"https:\/\/dns.yandex.com\/\" target=\"_blank\">Yandex Family<\/a><small>\u2013 Bloque les sites frauduleux<br>\u2013 Bloque le contenu pour adultes<\/small><\/td><td>77.88.8.7<br>77.88.8.3<\/td><td>\u2013<\/td><\/tr><tr><td><a rel=\"noreferrer noopener\" href=\"https:\/\/www.publicdns.neustar\/\" target=\"_blank\">Neustar UltraDNS Threat Protection<\/a><br><small>\u2013 Bloque les sites malveillants<\/small><\/td><td>156.154.70.2<br>156.154.71.2<\/td><td>2610:a1:1018::2<br>2610:a1:1019::2<\/td><\/tr><tr><td><a rel=\"noreferrer noopener\" href=\"https:\/\/www.publicdns.neustar\/\" target=\"_blank\">Neustar UltraDNS Family Secure<\/a><br><small>\u2013 Bloque les sites malveillants<br>\u2013 Bloque les jeux d\u2019argent, la pornographie, la violence<br>et la haine\/discrimination<\/small><\/td><td>156.154.70.3<br>156.154.71.3<\/td><td>2610:a1:1018::3<br>2610:a1:1019::3<\/td><\/tr><tr><td><a rel=\"noreferrer noopener\" href=\"https:\/\/www.opendns.com\/\" target=\"_blank\">Cisco OpenDNS Family Shield<\/a><br><small>\u2013 Bloque le contenu pour adultes<\/small><\/td><td>208.67.222.123<br>208.67.220.123<\/td><td>\u2013<\/td><\/tr><tr><td><a rel=\"noreferrer noopener\" href=\"https:\/\/www.quad9.net\/\" target=\"_blank\"><strong>Quad9<\/strong><\/a><br><small>\u2013 Bloque les malwares, ransomwares et le phishing<\/small><\/td><td>9.9.9.9<br>149.112.112.112<\/td><td>2620:fe::fe<br>2620:fe::9<\/td><\/tr><tr><td><a rel=\"noreferrer noopener\" href=\"https:\/\/www.comodo.com\/secure-dns\/\" target=\"_blank\">Comodo Secure Internet Gateway<\/a><br><small>\u2013 Bloque les sites web malveillants<\/small><\/td><td>8.26.56.10<br>8.20.247.10<\/td><td>\u2013<\/td><\/tr><\/tbody><\/table><\/figure>\n\n\n\n<p>Dans les colonnes \u00ab&nbsp;Adresses IPv4&nbsp;\u00bb et \u00ab&nbsp;Adresses IPv6&nbsp;\u00bb, vous trouverez sur la premi\u00e8re ligne le serveur DNS primaire et sur la seconde, le serveur DNS secondaire.<\/p>\n\n\n\n<p>Choisissez le DNS qui offre la protection adapt\u00e9e \u00e0 vos besoins.<\/p>\n\n\n\n<p>Les DNS de&nbsp;<strong>CleanBrowsing<\/strong>&nbsp;et&nbsp;<strong>Quad9<\/strong>&nbsp;sont \u00e0 privil\u00e9gier.<\/p>\n","protected":false},"excerpt":{"rendered":"<p>Les DNS sont les annuaires d\u2019Internet. C\u2019est gr\u00e2ce \u00e0 eux qu\u2019il est possible d\u2019acc\u00e9der aux sites web et aux ressources sur Internet via les noms de domaine tels que www.google.fr : les DNS traduisent en effet automatiquement les noms de domaine en adresses IPv4 ou IPv6 qui sont ensuite interpr\u00e9t\u00e9es par les ordinateurs. Chaque fois [&hellip;]<\/p>\n","protected":false},"author":1,"featured_media":0,"parent":0,"menu_order":0,"comment_status":"closed","ping_status":"closed","template":"","meta":{"footnotes":""},"class_list":["post-510","page","type-page","status-publish","hentry"],"_links":{"self":[{"href":"https:\/\/reglisss.freeboxos.fr\/wordpress\/wp-json\/wp\/v2\/pages\/510","targetHints":{"allow":["GET"]}}],"collection":[{"href":"https:\/\/reglisss.freeboxos.fr\/wordpress\/wp-json\/wp\/v2\/pages"}],"about":[{"href":"https:\/\/reglisss.freeboxos.fr\/wordpress\/wp-json\/wp\/v2\/types\/page"}],"author":[{"embeddable":true,"href":"https:\/\/reglisss.freeboxos.fr\/wordpress\/wp-json\/wp\/v2\/users\/1"}],"replies":[{"embeddable":true,"href":"https:\/\/reglisss.freeboxos.fr\/wordpress\/wp-json\/wp\/v2\/comments?post=510"}],"version-history":[{"count":3,"href":"https:\/\/reglisss.freeboxos.fr\/wordpress\/wp-json\/wp\/v2\/pages\/510\/revisions"}],"predecessor-version":[{"id":514,"href":"https:\/\/reglisss.freeboxos.fr\/wordpress\/wp-json\/wp\/v2\/pages\/510\/revisions\/514"}],"wp:attachment":[{"href":"https:\/\/reglisss.freeboxos.fr\/wordpress\/wp-json\/wp\/v2\/media?parent=510"}],"curies":[{"name":"wp","href":"https:\/\/api.w.org\/{rel}","templated":true}]}}