{"id":905,"date":"2026-02-16T16:24:45","date_gmt":"2026-02-16T15:24:45","guid":{"rendered":"https:\/\/reglisss.freeboxos.fr\/wordpress\/?page_id=905"},"modified":"2026-03-03T05:04:53","modified_gmt":"2026-03-03T05:04:53","slug":"must-have-2026","status":"publish","type":"page","link":"https:\/\/reglisss.freeboxos.fr\/wordpress\/must-have-2026\/","title":{"rendered":"MUST HAVE 2026"},"content":{"rendered":"\n\n<p>NotebookLM Remover : outil gratuit en ligne (c\u00f4t\u00e9 client) pour supprimer le filigrane NotebookLM sur vid\u00e9os et PDFs.<\/p>\n\n\n<p><br><a href=\"https:\/\/notebooklmremover.com\/fr\">https:\/\/notebooklmremover.com\/fr<\/a><\/p>\n\n\n\n<p>analyseur d etat systeme windows:<br><a href=\"https:\/\/www.appcontrol.com\/\">https:\/\/www.appcontrol.com\/<\/a><\/p>\n\n\n\n\n\n\n<p>Cutia : \u00e9diteur vid\u00e9o open-source, privacy-first, qui tourne directement dans le navigateur (alternative \u00e0 CapCut).<\/p>\n\n\n<p><a href=\"https:\/\/github.com\/msgbyte\/cutia\">https:\/\/github.com\/msgbyte\/cutia<\/a><\/p>\n\n","protected":false},"excerpt":{"rendered":"<p>NotebookLM Remover : outil gratuit en ligne (c\u00f4t\u00e9 client) pour supprimer le filigrane NotebookLM sur vid\u00e9os et PDFs. https:\/\/notebooklmremover.com\/fr analyseur d etat systeme windows:https:\/\/www.appcontrol.com\/ Cutia : \u00e9diteur vid\u00e9o open-source, privacy-first, qui tourne directement dans le navigateur (alternative \u00e0 CapCut). https:\/\/github.com\/msgbyte\/cutia<\/p>\n","protected":false},"author":1,"featured_media":0,"parent":0,"menu_order":0,"comment_status":"closed","ping_status":"closed","template":"","meta":{"footnotes":""},"class_list":["post-905","page","type-page","status-publish","hentry"],"_links":{"self":[{"href":"https:\/\/reglisss.freeboxos.fr\/wordpress\/wp-json\/wp\/v2\/pages\/905","targetHints":{"allow":["GET"]}}],"collection":[{"href":"https:\/\/reglisss.freeboxos.fr\/wordpress\/wp-json\/wp\/v2\/pages"}],"about":[{"href":"https:\/\/reglisss.freeboxos.fr\/wordpress\/wp-json\/wp\/v2\/types\/page"}],"author":[{"embeddable":true,"href":"https:\/\/reglisss.freeboxos.fr\/wordpress\/wp-json\/wp\/v2\/users\/1"}],"replies":[{"embeddable":true,"href":"https:\/\/reglisss.freeboxos.fr\/wordpress\/wp-json\/wp\/v2\/comments?post=905"}],"version-history":[{"count":6,"href":"https:\/\/reglisss.freeboxos.fr\/wordpress\/wp-json\/wp\/v2\/pages\/905\/revisions"}],"predecessor-version":[{"id":916,"href":"https:\/\/reglisss.freeboxos.fr\/wordpress\/wp-json\/wp\/v2\/pages\/905\/revisions\/916"}],"wp:attachment":[{"href":"https:\/\/reglisss.freeboxos.fr\/wordpress\/wp-json\/wp\/v2\/media?parent=905"}],"curies":[{"name":"wp","href":"https:\/\/api.w.org\/{rel}","templated":true}]}}